 q**2 + 5*q**2 - 2*q. Let b be w(2). Suppose 0 = -4*m + 4, b = 4*r - 2*m - 2. What are the prime factors of r?
2
What are the prime factors of 35 + 0 + 3 + -3 + 2?
37
Let n(t) = -t**2 - 15*t + 9. What are the prime factors of n(-9)?
3, 7
Let p(m) = m**3 + 5*m**2 - 6*m - 5. Let v be p(-6). What are the prime factors of 1/v + 42/10?
2
Let z(t) = 5*t + 9. Let b be z(-4). Let o(y) = -y**2 - 15*y - 8. Let m(a) = -a + 1. Let q(h) = -2*m(h) + o(h). List the prime factors of q(b).
2, 3
Let c(h) = h + h**2 + 14 + 11 - h**3 + 1. List the prime factors of c(0).
2, 13
Suppose -3*n - 4*p = 16 - 62, 0 = -4*p - 20. What are the prime factors of -2*9/6 + n?
19
Let v(f) = -f**2 - 8*f - 2. Let j = -1 + 4. Suppose j*p + 22 = -5*n - 19, 4 = -2*p. What are the prime factors of v(n)?
5
Suppose 8 = 3*f - f. Suppose 4*p - 10 = v, -v = -f*v + 6. Suppose 4*h - 33 = 5*m - p, -1 = -h - 2*m. What are the prime factors of h?
5
What are the prime factors of -1 + -4 + (14 - 3)?
2, 3
Suppose 5*u = 6*u - 168. What are the prime factors of u?
2, 3, 7
Let a = 405 - 223. List the prime factors of a.
2, 7, 13
Let l(s) = -s + 44. Let f(a) = 6*a - 221. Let r(z) = 2*f(z) + 11*l(z). What are the prime factors of r(0)?
2, 3, 7
Suppose -105 = 3*t + 3*f, -2*t - 2*f = 3*f + 73. Let o = t - -60. What are the prime factors of o/8 + (-3)/12?
3
Let c = 2 + 8. List the prime factors of c/(-1)*(-4)/5.
2
Suppose 4*r + m = 61, 2*r - 2*m - 23 = -m. What are the prime factors of r?
2, 7
Let v be (4 - 2) + 4/2. Suppose 4*k + 4*z + 12 = 0, v*k - 13 = -3*z + 4*z. Suppose -k*o + 30 = o. List the prime factors of o.
2, 5
Suppose 7*p - 3*p + 2 = 2*j, 5*j + 30 = 3*p. Let i(y) = -6 - 9*y - 2*y - y**2 - 5. What are the prime factors of i(j)?
7
Let a be 1/((-6)/(-4))*3. Suppose 0 = -a*x + 6 + 4. Suppose 0 = -x*z + 13 + 2. List the prime factors of z.
3
Suppose -5*j + 198 = -4*q, 5*q - q - 30 = -j. What are the prime factors of j?
2, 19
Suppose -2*q + 100 = -2*w, -3*q + 47 = -2*q + 2*w. List the prime factors of q.
7
Let i(q) = -q**3 + 4*q**2 - 6*q + 3. Let b be i(4). Let p = b - -96. Suppose 10 + 20 = 2*s - 3*f, -f + p = 5*s. What are the prime factors of s?
3, 5
Let f be 0 - -5 - (3 - 4). Suppose 0 = p + 1 - f. List the prime factors of p.
5
Suppose -24*j = -18*j - 642. List the prime factors of j.
107
Let k(i) = -11*i**3 + i**2 - 2*i - 9. What are the prime factors of k(-3)?
3, 101
Suppose j - 260 = y, -4*j + 552 + 494 = -2*y. List the prime factors of j.
263
Let y(z) = z**3 - 11*z**2 + 10*z. Let s be y(7). What are the prime factors of (s/(-15))/(2/10)?
2, 3, 7
Let c = 16 + -1. Let m = -8 + c. What are the prime factors of m?
7
Let o(w) = w**2 - 6*w + 3. Let d(k) = -6*k**3. Let s be d(-1). List the prime factors of o(s).
3
Let o(w) = 24*w - 34. What are the prime factors of o(11)?
2, 5, 23
Let d(b) = 3*b - 3. Suppose -o + 2*s + 11 = 0, -28 = -2*o - 2*o + 4*s. Let n be d(o). Suppose -2*i - i = -n. What are the prime factors of i?
2
Let o(q) = -2*q**3 - 2*q**2 + 2*q + 2. List the prime factors of o(-2).
2, 3
Suppose -d = -0*d - 39. Let a = d + 6. Suppose 0 = -5*p - 0*p + a. What are the prime factors of p?
3
Suppose q + 3 = -0. Let t = -1 - q. List the prime factors of 16*(0 + 1)/t.
2
Suppose 3 + 6 = -3*m, -5*m = 4*b - 5. Let w(h) be the third derivative of h**4/12 - h**3/6 + 2*h**2. What are the prime factors of w(b)?
3
Suppose 24 - 4 = -4*i. What are the prime factors of (-137)/i + 8/(-20)?
3
Let i be 2*(-1)/(1 + -2). Let o(j) = 11*j**i + j**3 - 5 - 2*j**2 + 7*j + 8. What are the prime factors of o(-8)?
11
Let d(h) = h**2 + 5*h + 4. Let l(t) = -5*t**2 - 21*t - 15. Let u(q) = -9*d(q) - 2*l(q). List the prime factors of u(6).
2, 3
Let y(q) = q**2 - q + 31. Let l be y(0). Suppose 0 = 5*x - 4*v - 100, 3*v = 2*x - x - l. What are the prime factors of x?
2
Suppose -t - 24 = -5*n + 2, 2*n - 3*t - 13 = 0. What are the prime factors of n?
5
Let b(g) be the first derivative of g**4/4 - 3*g**2/2 - 2*g + 2. What are the prime factors of b(4)?
2, 5
Let t be 4/12 + (-4)/(-6). List the prime factors of ((-12)/7)/(t/(-7)).
2, 3
Suppose 4*m - 128 = 3*h, -5*m + 4*h + 139 = -20. What are the prime factors of m?
5, 7
Let c(q) = -7*q - 4. Let g be c(-4). Let t be (-153)/6*6/(-9). Suppose 2*a = -0*a + 3*d + t, 0 = 2*a + 4*d - g. What are the prime factors of a?
2, 5
Let a(l) be the second derivative of l**5/20 + l**4/2 + 5*l**3/6 + 7*l**2/2 - 2*l. What are the prime factors of a(-5)?
7
Suppose 0 = -6*p + 4*p + 60. Suppose 0*w = -5*w + p. Suppose 2*y + w = 28. What are the prime factors of y?
11
Let p = -133 - -187. Suppose 0 = 2*t - 2*j + 14 - p, -5*j = -25. List the prime factors of t.
5
Suppose 0 = -0*r - 3*r + 369. List the prime factors of r.
3, 41
What are the prime factors of 4/(-14) - (9961/(-49) + -7)?
2, 3, 5, 7
Let b = -11 + 15. Suppose 2*r + 0*h - h - 2 = 0, 4*h = b*r. What are the prime factors of r?
2
Let f = 2 - -1. List the prime factors of f.
3
Suppose -2*m + 27 = g - 8, 97 = 2*g - 5*m. What are the prime factors of g?
41
Let z(h) = 4*h**2 - h. Let x be z(2). Suppose -4*i = -x + 2, 4*m - 33 = 5*i. What are the prime factors of m?
2, 3
Let q(a) = -12*a - 4 + a**3 + 4 + 2 + 9*a**2. List the prime factors of q(-10).
2, 11
Let d(q) = 6*q + 2. What are the prime factors of d(1)?
2
Suppose f - 14 = -3*k, -k - 2 = -2*k + f. Suppose 10 = k*m - 2. Suppose -u = g - 3, 4*g - 15 = -m*u + 2*u. What are the prime factors of g?
2
Suppose 0 = 3*z - 8*z + 3*o - 63, -3*z - 37 = -o. Let h(y) = -y. List the prime factors of h(z).
2, 3
Suppose 3*a = a - 12. List the prime factors of (-207)/(-27) - 2/a.
2
Suppose 0 = -o + 5*z + 15, 0*o + 6 = o - 2*z. List the prime factors of o - (-23)/(1 + 0).
23
Let o(f) = -23*f - 7. List the prime factors of o(-6).
131
Let k = -6 + 19. Suppose 2 = 4*u - 2*g + 12, 4*u + g + k = 0. What are the prime factors of (u/3*34)/(-2)?
17
Suppose -5*t + 102 + 428 = 0. List the prime factors of t.
2, 53
Suppose 5*c - 2169 = -99. List the prime factors of c.
2, 3, 23
Suppose 3*t + 75 = -2*t. List the prime factors of 23 + (t/(-3) - 4).
2, 3
Suppose 22 = 3*y - y - 3*k, -5*k = y - 37. Let c be (-18)/81 - (-4)/18. Suppose c = 2*o - y + 5. What are the prime factors of o?
2, 3
Let g = 7 - 3. Suppose x - 5*q = 18, 0*x - 5*x + 48 = -g*q. What are the prime factors of ((-6)/x)/(3/(-8))?
2
Suppose -3*c + 105 = 4*z - 7*z, 10 = -5*z. What are the prime factors of c?
3, 11
Suppose x = 3 + 2. Suppose 59 = x*d - 76. Suppose -a + d = 2*a. What are the prime factors of a?
3
Suppose 5*h - 81 = 214. List the prime factors of h.
59
Suppose -4*y = -0*y - 5*w + 3, -4*w = -12. Let c(a) = -3 + a - 1 + y*a. List the prime factors of c(4).
2, 3
Suppose -5*a - 1 = -11. Suppose 0 - 4 = a*p. List the prime factors of (6/(-4))/(p/24).
2, 3
Let b(w) = 6*w**3 + w**2 - 11*w - 9. Let v(a) = 6 - 5 - 3*a**3 + a + 2*a**3 - a**2. Let u(l) = -b(l) - 5*v(l). List the prime factors of u(5).
3
List the prime factors of (-438)/(-4) - 2/(-4).
2, 5, 11
Let g be (-2)/9 - 141/(-27). Suppose -4*p + 2*r + 32 + 38 = 0, -g*p + 89 = -3*r. List the prime factors of p.
2
Let i = 24 + 23. Suppose -i = -2*a - 7. What are the prime factors of a?
2, 5
Suppose 3*u - 9 = 0, 4*f - 45 = 3*u + 2. List the prime factors of f.
2, 7
Let a = 24 + -19. Let u(q) = 0*q**2 + 5*q**2 + 6 - q**3 - q**2 + 5*q. What are the prime factors of u(a)?
2, 3
Let b(a) = a**2 + 3*a + 3. Let o be b(-2). List the prime factors of o + 32/4*2.
17
Let o(g) = 2*g**3 + g**2 - g + 1. Let r be o(1). Let m be ((-8)/(-6))/((-18)/(-270)). Suppose 2*b + 3 - 13 = -3*i, r*i = 4*b - m. List the prime factors of b.
5
Suppose 3*r = -r + 8. Suppose -2*g = -r*q - g + 26, 3*q - 29 = 4*g. What are the prime factors of q?
3, 5
Let o(q) = 3*q**2 + 3*q - 2. What are the prime factors of o(10)?
2, 41
Let o = 16 + -16. Suppose g + 2 - 29 = o. List the prime factors of g.
3
What are the prime factors of 2 + (-3)/6*-6?
5
Let i(g) = g**3 + 11*g**2 + 7*g - 10. What are the prime factors of i(-8)?
2, 3, 7
Suppose -3*h = -2*x + 19, 0 = -x - 0*h - 3*h + 5. Let m = -6 + x. Let s = 2 + m. What are the prime factors of s?
2
Suppose 4*n = -4*c + 3*n + 4, -3*c - 4 = -n. Let b be 0/3 + c + 3. Suppose z - b = -1. What are the prime factors of z?
2
Suppose 3*k - 1788 = -5*o, -14*o = -10*o + 2*k - 1432. List the prime factors of